lue of (3 + -7 - -3) + 4 + -1?
2
Evaluate 0 + -4 - (-36 + 23).
9
Evaluate -2 + -2 + -1 + 1.
-4
Calculate (8 + -5 - -9) + -7.
5
7 - (2 + -2 + (4 - 5))
8
What is (4 - (0 + 0)) + -5 - -3?
2
What is the value of 8 - (2 + -3) - (-22 + 28)?
3
Evaluate 2 + (-2 - -3) + -4 + -3.
-4
Calculate (15 - 2) + (-12 - -2).
3
Calculate 4 + 1 + (13 - 15).
3
Calculate -1 + 0 + -3 + 1 + -1.
-4
Evaluate (9 - 4) + -5 + -1.
-1
What is the value of 4 - 4 - -1 - (-5 + 7)?
-1
What is -9 + (2 - 1) - -5?
-3
Calculate -1 + -2 + (-2 - -1).
-4
Evaluate -6 + 7 + 0 + 1.
2
What is the value of (9 - -2) + 4 + -10 + -5?
0
Evaluate (7 + 1 - 18) + 9.
-1
What is (4 - (2 + -12)) + -12?
2
Calculate (-7 - (-2 + 0)) + (-5 - -11).
1
Evaluate -10 - -13 - (-1 + (3 - 1)).
2
What is (-3 + 6 - (-6 + 11)) + 0?
-2
(-1 - 1) + 4 + 2
4
Evaluate (7 - (-2 - -7)) + -4.
-2
Evaluate 1 + (1 - (-2 - -2)) + -1.
1
What is the value of -4 - (4 - (4 - -3))?
-1
What is the value of 10 + -2 + (12 - (7 - -11))?
2
-2 - (-1 - (4 - 3))
0
(-13 - -12) + 5 + (-10 - -1)
-5
Calculate (0 + -1 - (23 + -24)) + -2.
-2
Evaluate -7 - -1 - (12 - 14).
-4
(2 - 4 - (-2 + 1)) + -5
-6
2 + (4 - (-1 + 5)) - 2
0
What is the value of (-5 - (-6 + 3)) + -1 + 2?
-1
What is (-68 - -67) + (-5 - -1)?
-5
What is (8 - 1) + (-12 - 2) + 9?
2
Evaluate 5 + 4 - 13 - (0 - 12).
8
What is the value of 3 + (-6 - (-5 + 1))?
1
What is the value of 14 + (0 - 6) - (1 + 0)?
7
Calculate (1 - -10 - 2) + -14.
-5
Evaluate (4 - 3) + -8 + 3.
-4
What is (-2 + -1 - 0) + -8 + 11?
0
Calculate (4 - -1) + -4 + -4 + 5.
2
-11 + 9 + (5 - 11)
-8
Evaluate 103 + -98 - (6 - -1).
-2
What is 0 + 0 - (8 + -9)?
1
Calculate (-3 - -1) + 0 + -7 + 4.
-5
What is -5 + (-4 - (1 - 9)) + 4?
3
What is the value of 2 + 3 + 0 - 3?
2
What is the value of 0 - (1 + 3 + -4)?
0
What is the value of 0 + 0 + -6 + 5?
-1
Calculate -3 - ((5 - 5) + (-2 - 1)).
0
What is 9 - ((8 - -2) + -5)?
4
What is -4 - (-8 + 9 + (-5 - 1))?
1
6 + -10 + -3 - -11
4
-2 - 0 - (-3 + 2) - 1
-2
Calculate 4 - 1 - ((3 - -5) + -1).
-4
-1 + 1 + 22 + -26
-4
Calculate 8 + (-12 - -4) - -1.
1
Calculate -3 + 2 - (1 - 4).
2
What is the value of 2 + (13 + -9 - -1)?
7
-65 + 67 + -1 + 7
8
Calculate 4 + -2 - (1 + 1) - -1.
1
2 - (3 - 7) - 10
-4
Evaluate -2 + 6 + -9 + -3.
-8
Evaluate -4 + 10 + -7 + -4.
-5
Calculate -6 + 3 - -6 - 10.
-7
What is the value of -3 - (3 + (-3 + 1 - 0))?
-4
0 + 5 - (48 + -48)
5
Calculate -5 + 1 + (2 - 0).
-2
1 + -6 + (-12 + 6 - -7)
-4
What is 1 - 6 - (-7 + 4)?
-2
What is 2 - 4 - -2 - (-7 + 6)?
1
Calculate (-2 - -1) + -2 + -2.
-5
Evaluate 1 + 10 + -4 - (2 - -5).
0
Evaluate 4 + -1 + (-5 - -3).
1
Evaluate 12 + 2 + -1 - (40 - 34).
7
Calculate (5 + (-1 - 8) - -5) + -1.
0
(0 - (-6 + 1)) + (-5 - -7)
7
Evaluate -2 - -5 - 10 - -4.
-3
Calculate 11 + (6 - 14) + 3.
6
(1 - 2) + (2 - -2) + -4
-1
What is the value of (-5 - (3 - 6 - 6)) + 3?
7
Evaluate 0 - (2 - (3 - (7 + -4))).
-2
Calculate (-10 - -7) + 7 + -2 + 2.
4
Calculate 2 + 1 + -2 + 0 - -3.
4
What is the value of (-1 - 6) + 13 + (0 - 3)?
3
What is 0 - 5 - (-6 + -4)?
5
What is the value of 60 - 62 - (5 - (-2 - -2))?
-7
What is (-8 - -10) + -11 - (-5 - 1)?
-3
9 - (0 - 5) - 8
6
Evaluate 0 + -2 + -8 + 8 + -5.
-7
What is -7 - (-17 + 1 + (20 - 20))?
9
Calculate -2 + -3 + 4 - (-7 - -1).
5
-2 - (4 - (3 - -2) - 0)
-1
Evaluate 0 - (-4 + 0 + -1).
5
What is the value of (5 - 1) + (15 - 13)?
6
Evaluate -6 - -7 - (-1 - (-1 + 1)).
2
Calculate (-1 - -1) + -167 + 166.
-1
(3 - -3) + (-5 - (-8 - -5))
4
Evaluate -3 - -1 - (-21 + 22).
-3
Calculate 6 - (-1 + 13) - -7.
1
Evaluate 2 - (5 - 1) - -8 - 4.
2
-72 + 67 - (-7 - -1)
1
Evaluate -2 + (6 + (4 - 4) - 2).
2
What is the value of -2 + (23 - 12) + 0?
9
2 + (4 - (-2 + 3))
5
What is 4 - (1 - (-4 + 4))?
3
What is 0 - 4 - -3 - -4?
3
Calculate -9 - (2 - 7) - (7 + -10).
-1
What is the value of 3 + -1 + 0 + 1?
3
-3 - -2 - (5 - 7 - -5)
-4
Calculate 3 + 1 + (-11 + 7 - 4).
-4
What is the value of -2 - ((-1 - -6) + -7)?
0
Evaluate (-16 - -3) + (-3 - -14).
-2
What is -1 + -2 - (2 + -2 + -4)?
1
What is the value of -5 + 4 + 6 + 2?
7
What is the value of -2 + 4 + -1 + (-2 - 3)?
-4
What is the value of (-5 - 1) + (10 + -15 - -7)?
-4
4 + -3 - (9 - 5)
-3
Evaluate -123 + 118 - (-9 - 0).
4
Calculate -7 + (7 + -3 - 1).
-4
0 + -3 - (-6 + 14 + -7)
-4
What is the value of -1 - (3 + -1 - -4 - 7)?
0
What is 2 + -7 + 13 + -7 + -7?
-6
Calculate -65 - -67 - (-1 - 1).
4
Calculate (-126 - -127) + (-9 - 0).
-8
What is -10 - (-4 - (-6 - -13))?
1
What is -6 + (2 - -2) - (1 - 4)?
1
Calculate (2 - 7) + (-84 - -93).
4
Calculate -3 - -3 - (-6 - (1 + 0)).
7
What is 13 - (8 + -2) - 3?
4
What is -3 + (-2 - 1) + -40 + 50?
4
-2 + 0 + -4 + 3
-3
What is 4 - (7 + -8 - (0 - 2))?
3
Calculate 4 + (35 - 42) + (0 - -7).
4
What is the value of 2 + 0 - (20 + -21)?
3
Calculate -43 + 39 + (-1 - -4).
-1
What is the value of -4 - (2 + -4 + -3) - -3?
4
0 + 4 - 8 - (-3 - 7)
6
-1 + 3 + (16 - (23 + 3))
-8
What is (-6 - (0 + (-6 - -2))) + -5?
-7
What is -2 - 3 - 0 - (123 + -127)?
-1
Calculate -2 + 5 - (-1 - (1 - 2)).
3
Evaluate 0 + 1 - 1 - (4 + -8).
4
What is the value of (7 - 6) + -1 + -5 + 7?
2
Calculate 0 - (0 + 4 - 2).
-2
Evaluate 5 + 9 + -10 + -12.
-8
14 + -18 - (0 + -5) - 7
-6
Calculate (-1 - 2) + (11 - (-6 + 9)).
5
Calculate -2 + 1 + (8 - (6 + -3)).
4
6 + -11 - -2 - (4 - 8)
1
5 + -8 - (-20 + 13)
4
What is 58 + -51 + -7 + 1?
1
What is (-7 - (-5 - -6)) + 1 + 2?
-5
What is the value of 6 + -19 + 9 - (1 - 4)?
-1
4 + 2 + 2 + -6 + 0
2
-7 + 4 + 6 + 1
4
What is the value of -2 - -4 - -3 - 7?
-2
-1 + -2 + -1 + 5
1
0 + -6 - (2 - 9)
1
What is -8 - (-1 + 1 - 3)?
-5
What is the value of (4 - (-18 - -19)) + 2 + 2?
7
Evaluate (8 - 2) + (-5 - (-12 + 5)).
8
6 + (-8 + -2 - -3)
-1
Evaluate -1 - 7 - (-22 + 11 + 6).
-3
What is the value of -3 + (0 + 6 - 5) + 0?
-2
5 + -18 + 17 + 0 + -9
-5
What is -5 + 4 - 0 - 0?
-1
What is 1 + -1 + (-6 - -2) + 7?
3
What is the value of 2 - -3 - 1 - 0 - 1?
3
What is 9 - 2 - 5 - (-1 - -6)?
-3
Calculate 4 + -9 + 0 - -4 - -4.
3
What is the value of (1 - (-2 - 2)) + 14 + -15?
4
What is the value of 5 + (7 - (11 + (-4 - -1)))?
4
Calculate (-37 - -23) + 1 + 10.
-3
Calculate -18 - (-7 - 0) - -6.
-5
What is 1 + (1 - 0 - 4) + 4?
2
What is (-1 + 0 - -2) + -3 + 7?
5
What is the value of -6 - (3 - 4) - -5 - 2?
-2
What is the value of 7 + 14 + -10 + -10?
1
What is 0 + 2 + -2 + (-2 - 0)?
-2
What is -8 - (-16 + -1 - -6)?
3
-2 + 1 + 5 + -2
2
0 - (6 - -2) - (7 + -8)
-7
Calculate (-117 - -122) + (-14 - -1).
-8
3 + (1 + 4 - 3) + -1
4
Calculate 11 + -12 + 5 + -1.
3
Evaluate 9 + (-1 - 2) + -3 + 3.
6
What is the value of 4 - (3 + (-4 - -4))?
1
Evaluate -6 + 2 + -3 - -4.
-3
What is 0 - (-2 - -1) - 2?
-1
Evaluate 2 + -7 + 9 + -13 + 3.
-6
-4 - (-5 - (-6 + 0 + 2))
-3
Calculate 5 - ((1 - 1) + 9 + -4).
0
What is (0 - 6 - -3) + (-5 - -9)?
1
What is 4 + (4 - 9 - 2)?
-3
11 + (-18 - -13) + (0 - 6)
0
What is the value of -4 - (-11 + -3 + 10)?
0
What is 4 + 2 + 3 + -9 + 1?
1
3 + (-5 - (-8 - 1))
7
Calculate (10 - 11) + 2 + -1.
0
What is -10 + 4 + -1 + 11 + -9?
-5
Calculate -4 - (-8 - -8) - -6.
2
What is -4 + 2 + (1 - -4) + 1?
4
What is 8 + (0 - -2) + -2?
8
What is 0 - 1 - (-6 - (-12 + 12))?
5
Evaluate 0 + -1 + 0 + (3 - 1).
1
Calculate 20 - (13 - (-10 + 10)).
7
What is (-2 - (-2 - (1 - 2))) + -3?
-4
What is the value of -3 + -2 + (4 - 2)?
-3
What is (2 - 0) + (-31 - -33)?
4
What is the value of (-2 - (0 - 2)) + 4?
4
Calculate (1 - 1) + -17 + 14.
-3
1 + -7 + 7 + -1
0
(5 - 0) + -7 - -1
-1
What is -4 - (0 - (-1 + 18 + -8))?
5
What is -2 + (1 - (1 + -3 + 7))?
-6
What is 1 + 4 + (-3 - -10 - 11)?
1
Calculate 5 + 2 + (-5 - 8) + 12.
6
Calculate 13 + 2 + -14 + (-1 - -3).
3
Evaluate (10 - -7) + 0 + -7.
10
What is (-9 - -5 - -3) + (-1 - -1)?
-1
-11 - 0 - (28 - 36)
-3
-5 - (-5 - ((1 - 3) + -4))
-6
Calculate 1 + 1 - (3 + 2).
-3
-4 - (3 - (3 + 5))
1
Evaluate 0 + (-5 - (-4 - 5)).
4
Calculate -1 + -3 + 3 + -3 + 9.
5
What is the value of -2 + (1 + 1 - -9)?
9
What is the value of 0 - (7 + 0 + -2)?
-5
-3 + -2 + 5 - (-3 + -2)
5
-4 - (-28 - -18 - (-5 - -1))
2
What is the value of 0 - 2 - (7 - (-2 - -4))?
-7
What is -4 - (-2 - (7 + 0)) - 3?
2
What is the value of -1 + -6 + 12 + -2?
3
-5 + 1 + 3 - 4 - -3
-2
7 + 1 - (2 + 3) - -4
7
What is the value of -9 + (16 - 3) - (-1 + 5)?
0
Calculate -9 - (1 - 13) - 4.
-1
Evaluate (-19 - -9 - -8) + -1.